{"id":75,"date":"2018-04-28T22:12:29","date_gmt":"2018-04-28T20:12:29","guid":{"rendered":"http:\/\/13debow.pl\/?page_id=75"},"modified":"2025-04-06T13:50:57","modified_gmt":"2025-04-06T11:50:57","slug":"cennik","status":"publish","type":"page","link":"https:\/\/13debow.pl\/?page_id=75","title":{"rendered":"Cennik"},"content":{"rendered":"\n<figure class=\"wp-block-table\"><table><tbody><tr><td>1.<\/td><td>Wst\u0119p od osoby &#8211; dzieci do dw\u00f3ch lat&nbsp; nie p\u0142ac\u0105<\/td><td>Pobyt dzienny-osoba<br>z ogniskiem lub grillem (do pi\u0119ciu godz. ka\u017cda nast\u0119pna rozpocz\u0119ta&nbsp; godz. 4 z\u0142\/osoba)<\/td><td class=\"has-text-align-center\" data-align=\"center\">\u00a0od 25 z\u0142<\/td><\/tr><tr><td>2.<\/td><td>Drewno do ogniska&nbsp; nieodp\u0142atne, w\u0119giel lub&nbsp; brykiet we w\u0142asnym zakresie<\/td><td>&nbsp;<\/td><td class=\"has-text-align-center\" data-align=\"center\">&nbsp;<\/td><\/tr><tr><td>3.<\/td><td>Grupy szkolne, przedszkolne<br>Opiekunowie wst\u0119p wolny<\/td><td>Pobyt dzienny \u2013 osoba<\/td><td class=\"has-text-align-center\" data-align=\"center\">25 z\u0142<\/td><\/tr><tr><td>4.<\/td><td>Plenerowe imprezy okoliczno\u015bciowe: firmowe, uroczysto\u015bci rodzinne, spotkania integracyjne i inne<\/td><td>Z uwagi na indywidualny charakter ka\u017cdej imprezy &#8211; ceny negocjowane<\/td><td class=\"has-text-align-center\" data-align=\"center\">&nbsp;<\/td><\/tr><tr><td>5.<\/td><td>Nocleg<\/td><td>Pokoje go\u015bcinne (w zale\u017cno\u015bci od ilo\u015bci dni &#8211; ceny negocjowane)<\/td><td class=\"has-text-align-center\" data-align=\"center\"> <p style=\"text-align: center;\">&nbsp;50-80 z\u0142<\/p> <\/td><\/tr><tr><td>6.<\/td><td>Nocleg<\/td><td>Pole namiotowe &#8211; osoba<br><br><br>Przyczepa kempingowa &nbsp;(ceny negocjowane)<\/td><td class=\"has-text-align-center\" data-align=\"center\"><p style=\"text-align: center;\">30 z\u0142<\/p> <p style=\"text-align: center;\">80 z\u0142<\/p><\/td><\/tr><tr><td>7.<\/td><td>Wypo\u017cyczenie sprz\u0119tu rekreacyjno-sportowego<\/td><td>Rowery, kijki do chodzenia, inne<\/td><td class=\"has-text-align-center\" data-align=\"center\">&nbsp;50z\u0142\/dzie\u0144<\/td><\/tr><tr><td>8.<\/td><td>W\u0119dkowanie<\/td><td>Cena jednej w\u0119dki (do 5 godzin)<\/td><td class=\"has-text-align-center\" data-align=\"center\">\u00a024 z\u0142<\/td><\/tr><\/tbody><\/table><\/figure>\n","protected":false},"excerpt":{"rendered":"<p>1. Wst\u0119p od osoby &#8211; dzieci do dw\u00f3ch lat&nbsp; nie p\u0142ac\u0105 Pobyt dzienny-osobaz ogniskiem lub grillem (do pi\u0119ciu godz. ka\u017cda nast\u0119pna rozpocz\u0119ta&nbsp; godz. 4 z\u0142\/osoba) [&hellip;]<\/p>\n","protected":false},"author":1,"featured_media":523,"parent":0,"menu_order":0,"comment_status":"closed","ping_status":"closed","template":"","meta":{"footnotes":""},"class_list":["post-75","page","type-page","status-publish","has-post-thumbnail","hentry"],"aioseo_notices":[],"_links":{"self":[{"href":"https:\/\/13debow.pl\/index.php?rest_route=\/wp\/v2\/pages\/75","targetHints":{"allow":["GET"]}}],"collection":[{"href":"https:\/\/13debow.pl\/index.php?rest_route=\/wp\/v2\/pages"}],"about":[{"href":"https:\/\/13debow.pl\/index.php?rest_route=\/wp\/v2\/types\/page"}],"author":[{"embeddable":true,"href":"https:\/\/13debow.pl\/index.php?rest_route=\/wp\/v2\/users\/1"}],"replies":[{"embeddable":true,"href":"https:\/\/13debow.pl\/index.php?rest_route=%2Fwp%2Fv2%2Fcomments&post=75"}],"version-history":[{"count":19,"href":"https:\/\/13debow.pl\/index.php?rest_route=\/wp\/v2\/pages\/75\/revisions"}],"predecessor-version":[{"id":1889,"href":"https:\/\/13debow.pl\/index.php?rest_route=\/wp\/v2\/pages\/75\/revisions\/1889"}],"wp:featuredmedia":[{"embeddable":true,"href":"https:\/\/13debow.pl\/index.php?rest_route=\/wp\/v2\/media\/523"}],"wp:attachment":[{"href":"https:\/\/13debow.pl\/index.php?rest_route=%2Fwp%2Fv2%2Fmedia&parent=75"}],"curies":[{"name":"wp","href":"https:\/\/api.w.org\/{rel}","templated":true}]}}